{"id":1901,"date":"2021-03-26T23:42:57","date_gmt":"2021-03-26T22:42:57","guid":{"rendered":"https:\/\/www.cpu-lyon.org\/wordpress\/?page_id=1901"},"modified":"2023-11-22T07:03:56","modified_gmt":"2023-11-22T06:03:56","slug":"politique-de-confidentialite","status":"publish","type":"page","link":"https:\/\/www.cpu-lyon.org\/wordpress\/index.php\/politique-de-confidentialite\/","title":{"rendered":"Politique de confidentialit\u00e9"},"content":{"rendered":"\t\t<div data-elementor-type=\"wp-page\" data-elementor-id=\"1901\" class=\"elementor elementor-1901\">\n\t\t\t\t\t\t<section class=\"elementor-section elementor-top-section elementor-element elementor-element-f736259 elementor-section-boxed elementor-section-height-default elementor-section-height-default\" data-id=\"f736259\" data-element_type=\"section\" data-e-type=\"section\">\n\t\t\t\t\t\t<div class=\"elementor-container elementor-column-gap-default\">\n\t\t\t\t\t<div class=\"elementor-column elementor-col-100 elementor-top-column elementor-element elementor-element-9db95ae\" data-id=\"9db95ae\" data-element_type=\"column\" data-e-type=\"column\">\n\t\t\t<div class=\"elementor-widget-wrap\">\n\t\t\t\t\t\t\t<\/div>\n\t\t<\/div>\n\t\t\t\t\t<\/div>\n\t\t<\/section>\n\t\t\t\t<section class=\"elementor-section elementor-top-section elementor-element elementor-element-dc3b4e6 elementor-section-boxed elementor-section-height-default elementor-section-height-default\" data-id=\"dc3b4e6\" data-element_type=\"section\" data-e-type=\"section\">\n\t\t\t\t\t\t<div class=\"elementor-container elementor-column-gap-default\">\n\t\t\t\t\t<div class=\"elementor-column elementor-col-100 elementor-top-column elementor-element elementor-element-8f7c0e9\" data-id=\"8f7c0e9\" data-element_type=\"column\" data-e-type=\"column\">\n\t\t\t<div class=\"elementor-widget-wrap elementor-element-populated\">\n\t\t\t\t\t\t<div class=\"elementor-element elementor-element-b022c2c elementor-widget elementor-widget-heading\" data-id=\"b022c2c\" data-element_type=\"widget\" data-e-type=\"widget\" data-widget_type=\"heading.default\">\n\t\t\t\t<div class=\"elementor-widget-container\">\n\t\t\t\t\t<h2 class=\"elementor-heading-title elementor-size-default\">Politique de confidentialit\u00e9<\/h2>\t\t\t\t<\/div>\n\t\t\t\t<\/div>\n\t\t\t\t<div class=\"elementor-element elementor-element-e352dae elementor-widget elementor-widget-text-editor\" data-id=\"e352dae\" data-element_type=\"widget\" data-e-type=\"widget\" data-widget_type=\"text-editor.default\">\n\t\t\t\t<div class=\"elementor-widget-container\">\n\t\t\t\t\t\t\t\t\t<p>Coup de Pouce Universit\u00e9, ci-apr\u00e8s d\u00e9sign\u00e9e par \u00ab\u00a0le Site\u00a0\u00bb, attache une grande importance aux droits et libert\u00e9s des personnes. Conscient de la valeur de vos donn\u00e9es, que certaines d\u2019entre elles r\u00e9v\u00e8lent vos convictions, portent parfois sur votre sant\u00e9, concernent vos enfants ou des personnes \u00e2g\u00e9es, le Site a entrepris une d\u00e9marche de mise en conformit\u00e9 de tous ses traitements avec le r\u00e8glement g\u00e9n\u00e9ral \u00e0 la protection des donn\u00e9es (RGPD) et la loi Informatique et Libert\u00e9s.<\/p>\n<p>Pour toutes les donn\u00e9es collect\u00e9es et trait\u00e9es, le Site s\u2019engage \u00e0 :<\/p>\n<p style=\"padding-left: 40px;\">\u2022 traiter de mani\u00e8re licite, loyale et transparente vos donn\u00e9es ;<br>\u2022 limiter au strict n\u00e9cessaire les donn\u00e9es collect\u00e9es ;<br>\u2022 collecter des donn\u00e9es pour des finalit\u00e9s d\u00e9termin\u00e9es pr\u00e9alablement, explicites et l\u00e9gales, et ne pas \u00eatre trait\u00e9es ult\u00e9rieurement d\u2019une mani\u00e8re incompatible avec ces finalit\u00e9s. En cas de nouvelle(s) finalit\u00e9(s) incompatible(s), le Site s\u2019engage \u00e0 obtenir votre consentement ;<br>\u2022 maintenir, dans la mesure du raisonnable, l\u2019exactitude de vos donn\u00e9es ;<br>\u2022 conserver vos donn\u00e9es pendant une dur\u00e9e n\u2019exc\u00e9dant pas celle n\u00e9cessaire au regard des finalit\u00e9s des traitements (hors obligations l\u00e9gales) ;<br>\u2022 assurer la s\u00e9curit\u00e9 des donn\u00e9es que vous nous avez confi\u00e9es ;<br>\u2022 vous informer de ce que le Site fait de vos donn\u00e9es ;<br>\u2022 mettre en \u0153uvre tous ses moyens pour vous permettre d\u2019exercer vos droits d\u2019acc\u00e8s, de rectification, d\u2019effacement, de limitation (suspension temporaire du traitement), de portabilit\u00e9 et d\u2019opposition ;<\/p>\n<p>Le Site s&rsquo;interdit toute transmission de vos donn\u00e9es \u00e0 un tiers.<\/p>\n<p><br><\/p>\n<h2><b>Exercice des droits<\/b><\/h2>\n<p><b><\/b><br>Comment exercer vos droits ?<br>Pour toute information ou tout exercice de vos droits sur les traitements de donn\u00e9es personnelles g\u00e9r\u00e9s par le Site, vous pouvez nous contacter :<\/p>\n<p style=\"padding-left: 40px;\">\u2022 directement par mail \u00e0 cpunivers@yahoo.fr<br>\u2022 aupr\u00e8s de notre dpo : cpunivers@yahoo.fr<br>\u2022 par courrier \u00e0 l\u2019adresse suivante : 1 rue Bonald\u2013 69007 LYON<\/p>\n<p>En application de l\u2019art. 77 du d\u00e9cret n\u00b0 2019-536 du 29 mai 2019 pris pour l\u2019application de la loi Informatique et Libert\u00e9, toute personne exer\u00e7ant ses droits, y compris par voie \u00e9lectronique, doit justifier de son identit\u00e9.<\/p>\n<h2><b>Cookies<\/b><br>\u00c0 propos des cookies<\/h2>\n<p>Lorsqu\u2019ils naviguent sur des sites internet, les internautes sont suivis par diff\u00e9rents acteurs (\u00e9diteurs de sites, r\u00e9gies publicitaires, r\u00e9seaux sociaux) qui analysent leur navigation, leurs d\u00e9placements et leurs habitudes de consultation ou de consommation, afin notamment d\u2019am\u00e9liorer leur navigation et de leur proposer des services personnalis\u00e9s ou des publicit\u00e9s cibl\u00e9es. Ce tra\u00e7age est r\u00e9alis\u00e9 par l\u2019interm\u00e9diaire de diff\u00e9rentes technologies, dont la plus r\u00e9pandue est aujourd\u2019hui celle des cookies, appel\u00e9s \u00e9galement traceurs.<\/p>\n<p>Le cookie est un fichier de toute petite taille, plac\u00e9 par le serveur du site web sur l\u2019ordinateur de l\u2019internaute. Il peut \u00eatre utilis\u00e9 pour reconnaitre l\u2019internaute, lui proposer son identifiant de session ou pour stocker des informations sp\u00e9cifiques sur l\u2019utilisateur, comme le navigateur utilis\u00e9, le type de terminal (ordinateur, tablette, smartphone), les pr\u00e9f\u00e9rences d\u2019un site, le contenu d\u2019un panier d\u2019achats \u00e9lectroniques, les pages web consult\u00e9es, les recherches, etc.<\/p>\n<p>Le Client utilise des cookies techniques n\u00e9cessaires au bon fonctionnement de son site. Ces cookies ne collectent pas vos donn\u00e9es personnelles. Pour analyser la mani\u00e8re dont les internautes naviguent sur son site et toujours dans un but d\u2019am\u00e9lioration du service, nous utilisons des cookies \u00ab mesures d\u2019audience \u00bb qui n\u00e9cessitent votre autorisation.<\/p>\n<p>Certaines fonctionnalit\u00e9s de ce site s\u2019appuient sur des services propos\u00e9s par des tiers (lecture vid\u00e9o, partage sur les r\u00e9seaux sociaux). Ces tiers d\u00e9posent des cookies, collectent et utilisent vos donn\u00e9es personnelles pour des finalit\u00e9s qui leur sont propres.<\/p>\n<p>Cette politique de cookies a \u00e9t\u00e9 synchronis\u00e9e avec <a href=\"http:\/\/cookiedatabase.org\"><span style=\"color: #0000ff;\">cookiedatabase.org<\/span><\/a><\/p>\n<p>En savoir plus sur ces cookies et votre autorisation .<\/p>\n<h2><b>Informations l\u00e9gales<\/b><\/h2>\n<p>Tous les traitements de vos donn\u00e9es sont r\u00e9alis\u00e9s sous la responsabilit\u00e9 du Client et sous le contr\u00f4le de son d\u00e9l\u00e9gu\u00e9 \u00e0 la protection des donn\u00e9es. <br><\/p>\n<p>Pour chacun des traitements ci-dessous, vous disposez d\u2019un droit d\u2019acc\u00e8s \u00e0 vos donn\u00e9es, de rectification et d\u2019effacement. Vous pouvez demander la limitation du traitement, faire opposition et obtenir la portabilit\u00e9 de vos donn\u00e9es. Pour exercer ces droits, contacter le Site aux coordonn\u00e9es ci-dessus.<\/p>\n<p>Vous pouvez enfin adresser une r\u00e9clamation \u00e0 la CNIL.<\/p>\n<p>Voir \u00e9galement les<a href=\"https:\/\/www.cpu-lyon.org\/wordpress\/index.php\/conditions-generales-dutilisation\/\"><span style=\"color: #0000ff;\"> C<span style=\"mso-fareast-language: FR;\">onditions G\u00e9n\u00e9rales d\u2019Utilisation<\/span><\/span><\/a><\/p>\n<p style=\"padding-left: 40px;\">\n<\/p>\t\t\t\t\t\t\t\t<\/div>\n\t\t\t\t<\/div>\n\t\t\t\t\t<\/div>\n\t\t<\/div>\n\t\t\t\t\t<\/div>\n\t\t<\/section>\n\t\t\t\t<\/div>\n\t\t","protected":false},"excerpt":{"rendered":"<p>Politique de confidentialit\u00e9 Coup de Pouce Universit\u00e9, ci-apr\u00e8s d\u00e9sign\u00e9e par \u00ab\u00a0le Site\u00a0\u00bb, attache une grande importance aux droits et libert\u00e9s des personnes. Conscient de la valeur de vos donn\u00e9es, que certaines d\u2019entre elles r\u00e9v\u00e8lent vos convictions, portent parfois sur votre sant\u00e9, concernent vos enfants ou des personnes \u00e2g\u00e9es, le Site a entrepris une d\u00e9marche de [&hellip;]<\/p>\n","protected":false},"author":1,"featured_media":0,"parent":0,"menu_order":0,"comment_status":"closed","ping_status":"closed","template":"","meta":{"site-sidebar-layout":"no-sidebar","site-content-layout":"page-builder","ast-site-content-layout":"","site-content-style":"default","site-sidebar-style":"default","ast-global-header-display":"","ast-banner-title-visibility":"","ast-main-header-display":"","ast-hfb-above-header-display":"","ast-hfb-below-header-display":"","ast-hfb-mobile-header-display":"","site-post-title":"disabled","ast-breadcrumbs-content":"","ast-featured-img":"disabled","footer-sml-layout":"","theme-transparent-header-meta":"default","adv-header-id-meta":"","stick-header-meta":"","header-above-stick-meta":"","header-main-stick-meta":"","header-below-stick-meta":"","astra-migrate-meta-layouts":"default","ast-page-background-enabled":"default","ast-page-background-meta":{"desktop":{"background-color":"","background-image":"","background-repeat":"repeat","background-position":"center center","background-size":"auto","background-attachment":"scroll","background-type":"","background-media":"","overlay-type":"","overlay-color":"","overlay-gradient":""},"tablet":{"background-color":"","background-image":"","background-repeat":"repeat","background-position":"center center","background-size":"auto","background-attachment":"scroll","background-type":"","background-media":"","overlay-type":"","overlay-color":"","overlay-gradient":""},"mobile":{"background-color":"","background-image":"","background-repeat":"repeat","background-position":"center center","background-size":"auto","background-attachment":"scroll","background-type":"","background-media":"","overlay-type":"","overlay-color":"","overlay-gradient":""}},"ast-content-background-meta":{"desktop":{"background-color":"var(--ast-global-color-5)","background-image":"","background-repeat":"repeat","background-position":"center center","background-size":"auto","background-attachment":"scroll","background-type":"","background-media":"","overlay-type":"","overlay-color":"","overlay-gradient":""},"tablet":{"background-color":"var(--ast-global-color-5)","background-image":"","background-repeat":"repeat","background-position":"center center","background-size":"auto","background-attachment":"scroll","background-type":"","background-media":"","overlay-type":"","overlay-color":"","overlay-gradient":""},"mobile":{"background-color":"var(--ast-global-color-5)","background-image":"","background-repeat":"repeat","background-position":"center center","background-size":"auto","background-attachment":"scroll","background-type":"","background-media":"","overlay-type":"","overlay-color":"","overlay-gradient":""}},"footnotes":""},"class_list":["post-1901","page","type-page","status-publish","hentry"],"yoast_head":"<!-- This site is optimized with the Yoast SEO plugin v27.5 - https:\/\/yoast.com\/product\/yoast-seo-wordpress\/ -->\n<title>Politique de confidentialit\u00e9 - CPU-Lyon<\/title>\n<meta name=\"description\" content=\"Demandeurs d\u2019asile \u00e9tudiant b\u00e9n\u00e9vole CPU lyon coup de pouce longueville universit\u00e9 association soutien mayeul scolaire universitaire aide langues pratique cours activit\u00e9 \u00e9tranger pratique de fran\u00e7ais relecture th\u00e8ses m\u00e9moire devoir\" \/>\n<meta name=\"robots\" content=\"index, follow, max-snippet:-1, max-image-preview:large, max-video-preview:-1\" \/>\n<link rel=\"canonical\" href=\"https:\/\/www.cpu-lyon.org\/wordpress\/index.php\/politique-de-confidentialite\/\" \/>\n<meta property=\"og:locale\" content=\"fr_FR\" \/>\n<meta property=\"og:type\" content=\"article\" \/>\n<meta property=\"og:title\" content=\"Politique de confidentialit\u00e9 - CPU-Lyon\" \/>\n<meta property=\"og:description\" content=\"Demandeurs d\u2019asile \u00e9tudiant b\u00e9n\u00e9vole CPU lyon coup de pouce longueville universit\u00e9 association soutien mayeul scolaire universitaire aide langues pratique cours activit\u00e9 \u00e9tranger pratique de fran\u00e7ais relecture th\u00e8ses m\u00e9moire devoir\" \/>\n<meta property=\"og:url\" content=\"https:\/\/www.cpu-lyon.org\/wordpress\/index.php\/politique-de-confidentialite\/\" \/>\n<meta property=\"og:site_name\" content=\"CPU-Lyon\" \/>\n<meta property=\"article:publisher\" content=\"https:\/\/www.facebook.com\/CPULYON\/\" \/>\n<meta property=\"article:modified_time\" content=\"2023-11-22T06:03:56+00:00\" \/>\n<meta name=\"twitter:card\" content=\"summary_large_image\" \/>\n<meta name=\"twitter:label1\" content=\"Dur\u00e9e de lecture estim\u00e9e\" \/>\n\t<meta name=\"twitter:data1\" content=\"3 minutes\" \/>\n<script type=\"application\/ld+json\" class=\"yoast-schema-graph\">{\"@context\":\"https:\\\/\\\/schema.org\",\"@graph\":[{\"@type\":\"WebPage\",\"@id\":\"https:\\\/\\\/www.cpu-lyon.org\\\/wordpress\\\/index.php\\\/politique-de-confidentialite\\\/\",\"url\":\"https:\\\/\\\/www.cpu-lyon.org\\\/wordpress\\\/index.php\\\/politique-de-confidentialite\\\/\",\"name\":\"Politique de confidentialit\u00e9 - CPU-Lyon\",\"isPartOf\":{\"@id\":\"https:\\\/\\\/www.cpu-lyon.org\\\/wordpress\\\/#website\"},\"datePublished\":\"2021-03-26T22:42:57+00:00\",\"dateModified\":\"2023-11-22T06:03:56+00:00\",\"description\":\"Demandeurs d\u2019asile \u00e9tudiant b\u00e9n\u00e9vole CPU lyon coup de pouce longueville universit\u00e9 association soutien mayeul scolaire universitaire aide langues pratique cours activit\u00e9 \u00e9tranger pratique de fran\u00e7ais relecture th\u00e8ses m\u00e9moire devoir\",\"breadcrumb\":{\"@id\":\"https:\\\/\\\/www.cpu-lyon.org\\\/wordpress\\\/index.php\\\/politique-de-confidentialite\\\/#breadcrumb\"},\"inLanguage\":\"fr-FR\",\"potentialAction\":[{\"@type\":\"ReadAction\",\"target\":[\"https:\\\/\\\/www.cpu-lyon.org\\\/wordpress\\\/index.php\\\/politique-de-confidentialite\\\/\"]}]},{\"@type\":\"BreadcrumbList\",\"@id\":\"https:\\\/\\\/www.cpu-lyon.org\\\/wordpress\\\/index.php\\\/politique-de-confidentialite\\\/#breadcrumb\",\"itemListElement\":[{\"@type\":\"ListItem\",\"position\":1,\"name\":\"Accueil\",\"item\":\"https:\\\/\\\/www.cpu-lyon.org\\\/wordpress\\\/\"},{\"@type\":\"ListItem\",\"position\":2,\"name\":\"Politique de confidentialit\u00e9\"}]},{\"@type\":\"WebSite\",\"@id\":\"https:\\\/\\\/www.cpu-lyon.org\\\/wordpress\\\/#website\",\"url\":\"https:\\\/\\\/www.cpu-lyon.org\\\/wordpress\\\/\",\"name\":\"CPU-Lyon\",\"description\":\"Coup de Pouce Universit\u00e9\",\"publisher\":{\"@id\":\"https:\\\/\\\/www.cpu-lyon.org\\\/wordpress\\\/#organization\"},\"potentialAction\":[{\"@type\":\"SearchAction\",\"target\":{\"@type\":\"EntryPoint\",\"urlTemplate\":\"https:\\\/\\\/www.cpu-lyon.org\\\/wordpress\\\/?s={search_term_string}\"},\"query-input\":{\"@type\":\"PropertyValueSpecification\",\"valueRequired\":true,\"valueName\":\"search_term_string\"}}],\"inLanguage\":\"fr-FR\"},{\"@type\":\"Organization\",\"@id\":\"https:\\\/\\\/www.cpu-lyon.org\\\/wordpress\\\/#organization\",\"name\":\"CPU Lyon\",\"url\":\"https:\\\/\\\/www.cpu-lyon.org\\\/wordpress\\\/\",\"logo\":{\"@type\":\"ImageObject\",\"inLanguage\":\"fr-FR\",\"@id\":\"https:\\\/\\\/www.cpu-lyon.org\\\/wordpress\\\/#\\\/schema\\\/logo\\\/image\\\/\",\"url\":\"http:\\\/\\\/cpulyon.cluster015.ovh.net\\\/wordpress\\\/wp-content\\\/uploads\\\/2021\\\/01\\\/logo-facvicon.png\",\"contentUrl\":\"http:\\\/\\\/cpulyon.cluster015.ovh.net\\\/wordpress\\\/wp-content\\\/uploads\\\/2021\\\/01\\\/logo-facvicon.png\",\"width\":512,\"height\":512,\"caption\":\"CPU Lyon\"},\"image\":{\"@id\":\"https:\\\/\\\/www.cpu-lyon.org\\\/wordpress\\\/#\\\/schema\\\/logo\\\/image\\\/\"},\"sameAs\":[\"https:\\\/\\\/www.facebook.com\\\/CPULYON\\\/\"]}]}<\/script>\n<!-- \/ Yoast SEO plugin. -->","yoast_head_json":{"title":"Politique de confidentialit\u00e9 - CPU-Lyon","description":"Demandeurs d\u2019asile \u00e9tudiant b\u00e9n\u00e9vole CPU lyon coup de pouce longueville universit\u00e9 association soutien mayeul scolaire universitaire aide langues pratique cours activit\u00e9 \u00e9tranger pratique de fran\u00e7ais relecture th\u00e8ses m\u00e9moire devoir","robots":{"index":"index","follow":"follow","max-snippet":"max-snippet:-1","max-image-preview":"max-image-preview:large","max-video-preview":"max-video-preview:-1"},"canonical":"https:\/\/www.cpu-lyon.org\/wordpress\/index.php\/politique-de-confidentialite\/","og_locale":"fr_FR","og_type":"article","og_title":"Politique de confidentialit\u00e9 - CPU-Lyon","og_description":"Demandeurs d\u2019asile \u00e9tudiant b\u00e9n\u00e9vole CPU lyon coup de pouce longueville universit\u00e9 association soutien mayeul scolaire universitaire aide langues pratique cours activit\u00e9 \u00e9tranger pratique de fran\u00e7ais relecture th\u00e8ses m\u00e9moire devoir","og_url":"https:\/\/www.cpu-lyon.org\/wordpress\/index.php\/politique-de-confidentialite\/","og_site_name":"CPU-Lyon","article_publisher":"https:\/\/www.facebook.com\/CPULYON\/","article_modified_time":"2023-11-22T06:03:56+00:00","twitter_card":"summary_large_image","twitter_misc":{"Dur\u00e9e de lecture estim\u00e9e":"3 minutes"},"schema":{"@context":"https:\/\/schema.org","@graph":[{"@type":"WebPage","@id":"https:\/\/www.cpu-lyon.org\/wordpress\/index.php\/politique-de-confidentialite\/","url":"https:\/\/www.cpu-lyon.org\/wordpress\/index.php\/politique-de-confidentialite\/","name":"Politique de confidentialit\u00e9 - CPU-Lyon","isPartOf":{"@id":"https:\/\/www.cpu-lyon.org\/wordpress\/#website"},"datePublished":"2021-03-26T22:42:57+00:00","dateModified":"2023-11-22T06:03:56+00:00","description":"Demandeurs d\u2019asile \u00e9tudiant b\u00e9n\u00e9vole CPU lyon coup de pouce longueville universit\u00e9 association soutien mayeul scolaire universitaire aide langues pratique cours activit\u00e9 \u00e9tranger pratique de fran\u00e7ais relecture th\u00e8ses m\u00e9moire devoir","breadcrumb":{"@id":"https:\/\/www.cpu-lyon.org\/wordpress\/index.php\/politique-de-confidentialite\/#breadcrumb"},"inLanguage":"fr-FR","potentialAction":[{"@type":"ReadAction","target":["https:\/\/www.cpu-lyon.org\/wordpress\/index.php\/politique-de-confidentialite\/"]}]},{"@type":"BreadcrumbList","@id":"https:\/\/www.cpu-lyon.org\/wordpress\/index.php\/politique-de-confidentialite\/#breadcrumb","itemListElement":[{"@type":"ListItem","position":1,"name":"Accueil","item":"https:\/\/www.cpu-lyon.org\/wordpress\/"},{"@type":"ListItem","position":2,"name":"Politique de confidentialit\u00e9"}]},{"@type":"WebSite","@id":"https:\/\/www.cpu-lyon.org\/wordpress\/#website","url":"https:\/\/www.cpu-lyon.org\/wordpress\/","name":"CPU-Lyon","description":"Coup de Pouce Universit\u00e9","publisher":{"@id":"https:\/\/www.cpu-lyon.org\/wordpress\/#organization"},"potentialAction":[{"@type":"SearchAction","target":{"@type":"EntryPoint","urlTemplate":"https:\/\/www.cpu-lyon.org\/wordpress\/?s={search_term_string}"},"query-input":{"@type":"PropertyValueSpecification","valueRequired":true,"valueName":"search_term_string"}}],"inLanguage":"fr-FR"},{"@type":"Organization","@id":"https:\/\/www.cpu-lyon.org\/wordpress\/#organization","name":"CPU Lyon","url":"https:\/\/www.cpu-lyon.org\/wordpress\/","logo":{"@type":"ImageObject","inLanguage":"fr-FR","@id":"https:\/\/www.cpu-lyon.org\/wordpress\/#\/schema\/logo\/image\/","url":"http:\/\/cpulyon.cluster015.ovh.net\/wordpress\/wp-content\/uploads\/2021\/01\/logo-facvicon.png","contentUrl":"http:\/\/cpulyon.cluster015.ovh.net\/wordpress\/wp-content\/uploads\/2021\/01\/logo-facvicon.png","width":512,"height":512,"caption":"CPU Lyon"},"image":{"@id":"https:\/\/www.cpu-lyon.org\/wordpress\/#\/schema\/logo\/image\/"},"sameAs":["https:\/\/www.facebook.com\/CPULYON\/"]}]}},"jetpack_sharing_enabled":true,"_links":{"self":[{"href":"https:\/\/www.cpu-lyon.org\/wordpress\/index.php\/wp-json\/wp\/v2\/pages\/1901","targetHints":{"allow":["GET"]}}],"collection":[{"href":"https:\/\/www.cpu-lyon.org\/wordpress\/index.php\/wp-json\/wp\/v2\/pages"}],"about":[{"href":"https:\/\/www.cpu-lyon.org\/wordpress\/index.php\/wp-json\/wp\/v2\/types\/page"}],"author":[{"embeddable":true,"href":"https:\/\/www.cpu-lyon.org\/wordpress\/index.php\/wp-json\/wp\/v2\/users\/1"}],"replies":[{"embeddable":true,"href":"https:\/\/www.cpu-lyon.org\/wordpress\/index.php\/wp-json\/wp\/v2\/comments?post=1901"}],"version-history":[{"count":22,"href":"https:\/\/www.cpu-lyon.org\/wordpress\/index.php\/wp-json\/wp\/v2\/pages\/1901\/revisions"}],"predecessor-version":[{"id":4597,"href":"https:\/\/www.cpu-lyon.org\/wordpress\/index.php\/wp-json\/wp\/v2\/pages\/1901\/revisions\/4597"}],"wp:attachment":[{"href":"https:\/\/www.cpu-lyon.org\/wordpress\/index.php\/wp-json\/wp\/v2\/media?parent=1901"}],"curies":[{"name":"wp","href":"https:\/\/api.w.org\/{rel}","templated":true}]}}